975351
What are the prime factors of 142646868?
2, 3, 7, 13, 43543
List the prime factors of 24660557.
17, 41, 35381
List the prime factors of 1051683561.
3, 2203, 17681
List the prime factors of 1236170675.
5, 29, 53, 607
What are the prime factors of 47091779?
7, 6727397
What are the prime factors of 48833313?
3, 757, 21503
List the prime factors of 16944733.
13, 17, 76673
List the prime factors of 453685134.
2, 3, 7, 10802027
List the prime factors of 282571620.
2, 3, 5, 17, 53, 5227
What are the prime factors of 646813761?
3, 11, 37, 529741
What are the prime factors of 707666175?
3, 5, 3145183
What are the prime factors of 19030865?
5, 7, 173, 449
List the prime factors of 510324338.
2, 83, 3074243
What are the prime factors of 217846299?
3, 11, 43, 153521
What are the prime factors of 92668230?
2, 3, 5, 1029647
List the prime factors of 91702255.
5, 127, 144413
What are the prime factors of 108123980?
2, 5, 5406199
What are the prime factors of 384763496?
2, 13, 79, 46831
List the prime factors of 211453158.
2, 3, 7, 859, 5861
What are the prime factors of 44818884?
2, 3, 11, 10289
What are the prime factors of 38050189?
38050189
What are the prime factors of 223866543?
3, 1697, 43973
List the prime factors of 22420249.
22420249
What are the prime factors of 71045340?
2, 3, 5, 569, 2081
What are the prime factors of 2902226904?
2, 3, 40308707
List the prime factors of 1188859841.
13, 91450757
List the prime factors of 229402494.
2, 3, 12744583
What are the prime factors of 10285062?
2, 3, 1714177
List the prime factors of 269030112.
2, 3, 13, 73, 2953
What are the prime factors of 162077686?
2, 37, 277, 7907
What are the prime factors of 541444901?
251, 2157151
What are the prime factors of 3499145448?
2, 3, 145797727
List the prime factors of 22518232.
2, 11, 83, 3083
What are the prime factors of 82175674?
2, 7, 5869691
What are the prime factors of 9149791213?
59, 155081207
List the prime factors of 98812236.
2, 3, 19, 47, 9221
List the prime factors of 2450925887.
17, 181, 796531
What are the prime factors of 282509835?
3, 5, 761, 24749
List the prime factors of 1162104640.
2, 5, 149, 24373
List the prime factors of 354466861.
7, 71, 233, 3061
What are the prime factors of 384531196?
2, 7, 19, 269, 2687
What are the prime factors of 49730310?
2, 3, 5, 7, 193, 409
List the prime factors of 121008102.
2, 3, 2129, 9473
What are the prime factors of 135945322?
2, 59, 1152079
What are the prime factors of 8013235?
5, 83, 19309
List the prime factors of 263365233.
3, 87788411
What are the prime factors of 5405778913?
859, 1217, 5171
What are the prime factors of 1334584133?
17, 181, 433729
List the prime factors of 142779163.
142779163
List the prime factors of 213890106.
2, 3, 19, 347, 5407
List the prime factors of 2101014999.
3, 457, 510823
What are the prime factors of 2007667711?
7, 286809673
What are the prime factors of 220853865?
3, 5, 409, 35999
What are the prime factors of 541416397?
43, 619, 20341
List the prime factors of 1670152409.
1670152409
What are the prime factors of 1242115338?
2, 3, 197, 397, 2647
List the prime factors of 163952538.
2, 3, 5147, 5309
List the prime factors of 7171979775.
3, 5, 95626397
What are the prime factors of 3013460721?
3, 6217, 53857
List the prime factors of 220089180.
2, 3, 5, 811, 4523
What are the prime factors of 659399477?
11, 29, 2067083
What are the prime factors of 2075784215?
5, 5051, 82193
List the prime factors of 377096801.
377096801
List the prime factors of 712135059.
3, 5857, 40529
List the prime factors of 4821771912.
2, 3, 5791, 34693
What are the prime factors of 2387080366?
2, 11, 108503653
List the prime factors of 279372303.
3, 7, 131, 33851
What are the prime factors of 3716898457?
43, 86439499
What are the prime factors of 3888882694?
2, 59, 558587
List the prime factors of 1585546612.
2, 13, 30491281
List the prime factors of 292222485.
3, 5, 37, 19501
What are the prime factors of 3008766231?
3, 334307359
What are the prime factors of 1432263998?
2, 11, 65102909
List the prime factors of 1173823794.
2, 3, 11, 13, 73, 6247
List the prime factors of 3102875524.
2, 7, 110816983
List the prime factors of 666758517.
3, 29, 197, 38903
List the prime factors of 588727486.
2, 13313, 22111
List the prime factors of 1329759057.
3, 11, 17, 89, 26633
List the prime factors of 39253313.
11, 3568483
List the prime factors of 252929292.
2, 3, 7, 11, 19, 14407
List the prime factors of 652366116.
2, 3, 563, 10729
What are the prime factors of 817424043?
3, 443, 615067
List the prime factors of 947919834.
2, 3, 577, 10141
What are the prime factors of 22701629?
2081, 10909
List the prime factors of 83584039.
7, 11, 401, 2707
List the prime factors of 218845358.
2, 6271, 17449
What are the prime factors of 726083717?
726083717
What are the prime factors of 251793647?
7, 17, 509, 4157
List the prime factors of 242040186.
2, 3, 17, 223, 3547
What are the prime factors of 50105738?
2, 97, 258277
What are the prime factors of 47781868?
2, 11945467
List the prime factors of 13100914.
2, 17, 385321
List the prime factors of 2204993436.
2, 3, 183749453
List the prime factors of 2232505898.
2, 7, 29, 5498783
List the prime factors of 383039580.
2, 3, 5, 7, 11, 17, 4877
List the prime factors of 1078436295.
3, 5, 19, 433, 971
List the prime factors of 7193035.
5, 97, 14831
List the prime factors of 33929626.
2, 281, 60373
What are the prime factors of 459255577?
11, 41750507
What are the prime factors of 2934441?
3, 251, 433
List the prime factors of 238637261.
41, 5820421
List the prime factors of 655503273.
3, 8092633
List the prime factors of 1212229120.
2, 5, 473527
List the prime factors of 456566550.
2, 3, 5, 11, 276707
What are the prime factors of 458457802?
2, 11, 17, 19, 149, 433
List the prime factors of 12691455.
3, 5, 7, 120871
List the prime factors of 69709379.
73, 954923
List the prime factors of 4220349.
3, 7, 73, 2753
List the prime factors of 78326646.
2, 3, 31, 41, 10271
List the prime factors of 4108830379.
197, 20857007
List the prime factors of 161560876.
2, 19, 2125801
What are the prime factors of 427821893?
79, 5415467
What are the prime factors of 2001288029?
13, 23, 514867
What are the prime factors of 548569?
7, 78367
List the prime factors of 36661263.
3, 12220421
List the prime factors of 71334753.
3, 7, 23, 113, 1307
What are the prime factors of 40486270?
2, 5, 11, 41, 47, 191
List the prime factors of 59304620.
2, 5, 223, 13297
List the prime factors of 84346773.
3, 7, 23, 174631
What are the prime factors of 1389132113?
191, 7272943
What are the prime factors of 284118765?
3, 5, 7, 173, 15641
List the prime factors of 2357227637.
41, 1402277
List the prime factors of 445098482.
2, 79, 2817079
What are the prime factors of 89426168?
2, 13, 73, 11779
List the prime factors of 2643419.
79, 33461
What are the prime factors of 51015339?
3, 629819
List the prime factors of 306275128.
2, 17, 53, 42491
What are the prime factors of 135392062?
2, 13, 19, 61, 4493
List the prime factors of 674542168.
2, 41, 179, 11489
What are the prime factors of 357608096?
2, 11175253
What are the prime factors of 243199835?
5, 48639967
What are the prime factors of 2803541?
13, 53, 313
List the prime factors of 346692843.
3, 7, 41, 79, 1699
What are the prime factors of 1406789500?
2, 5, 2813579
List the prime factors of 56884912.
2, 7, 507901
What are the prime factors of 25112596?
2, 23, 89, 3067
What are the prime factors of 3050654430?
2, 3, 5, 101688481
List the prime factors of 1862780306.
2, 41, 337, 67409
List the prime factors of 7409060172.
2, 3, 6299, 10891
What are the prime factors of 397218118?
2, 11, 317, 56957
What are the prime factors of 60480978?
2, 3, 79, 127597
What are the prime factors of 95835513?
3, 37, 107, 8069
What are the prime factors of 1024699946?
2, 991, 517003
List the prime factors of 732282928.
2, 13, 109, 32299
What are the prime factors of 109489680?
2, 3, 5, 41, 3709
What are the prime factors of 2812030672?
2, 11, 15977447
What are the prime factors of 41617089?
3, 157, 29453
What are the prime factors of 3033384?
2, 3, 97, 1303
What are the prime factors of 27002053?
13, 2077081
What are the prime factors of 69644248?
2, 8705531
What are 